{"id":50,"date":"2022-05-24T14:23:39","date_gmt":"2022-05-24T12:23:39","guid":{"rendered":"http:\/\/dev.pixsoft.cz\/TechWeb\/?page_id=50"},"modified":"2022-05-24T17:03:39","modified_gmt":"2022-05-24T15:03:39","slug":"webove-stranky","status":"publish","type":"page","link":"http:\/\/dev.pixsoft.cz\/TechWeb\/webove-stranky\/","title":{"rendered":"Webov\u00e9 str\u00e1nky"},"content":{"rendered":"\n<p>Chcete-li v dne\u0161n\u00ed dob\u011b usp\u011bt s Va\u0161\u00edm produktem, projektem, \u010di slu\u017ebou, nesm\u00edte zapom\u00ednat na internetovou prezentaci. A\u010dkoli, dnes existuje spousta zp\u016fsob\u016f, kter\u00fdmi lze Va\u0161e sna\u017een\u00ed prezentovat sv\u011btu, vlastn\u00ed web je st\u00e1le nejd\u016fv\u011bryhodn\u011bj\u0161\u00ed a nejefektivn\u011bj\u0161\u00ed cestou.<\/p>\n\n\n\n<p>Kvalitn\u011b postaven\u00fd vlastn\u00ed web V\u00e1m krom svobody estetick\u00e9ho zpracov\u00e1n\u00ed dovol\u00ed integraci spousty na m\u00edru postaven\u00fdch, \u010di extern\u00edch slu\u017eeb a vy tak nejste z\u00e1visl\u00ed na tom, co V\u00e1m nab\u00edz\u00ed p\u0159\u00edpadn\u00fd poskytovatel. Ruku v ruce s t\u00edm jde i svobodn\u00e1 volba hostov\u00e1n\u00ed, 100% kontrola nad daty, mo\u017enost dynamick\u00e9ho rozvoje, \u0161k\u00e1lovatelnost, a tak\u00e9 mo\u017enost efektivn\u011bj\u0161\u00ed optimalizace pro vyhled\u00e1va\u010de (SEO).<\/p>\n\n\n\n<ul><li>webov\u00e9 prezentace<\/li><li>internetov\u00e9 obchody<\/li><li>online katalogy<\/li><li>a spousta dal\u0161\u00edch&#8230;<\/li><\/ul>\n","protected":false},"excerpt":{"rendered":"<p>Chcete-li v dne\u0161n\u00ed dob\u011b usp\u011bt s Va\u0161\u00edm produktem, projektem, \u010di slu\u017ebou, nesm\u00edte zapom\u00ednat na internetovou prezentaci. A\u010dkoli, dnes existuje spousta zp\u016fsob\u016f, kter\u00fdmi lze Va\u0161e sna\u017een\u00ed prezentovat sv\u011btu, vlastn\u00ed web je st\u00e1le nejd\u016fv\u011bryhodn\u011bj\u0161\u00ed a nejefektivn\u011bj\u0161\u00ed cestou. Kvalitn\u011b postaven\u00fd vlastn\u00ed web V\u00e1m krom svobody estetick\u00e9ho zpracov\u00e1n\u00ed dovol\u00ed integraci spousty na m\u00edru postaven\u00fdch, \u010di extern\u00edch slu\u017eeb a vy [&hellip;]<\/p>\n","protected":false},"author":1,"featured_media":0,"parent":0,"menu_order":0,"comment_status":"closed","ping_status":"closed","template":"","meta":[],"_links":{"self":[{"href":"http:\/\/dev.pixsoft.cz\/TechWeb\/wp-json\/wp\/v2\/pages\/50"}],"collection":[{"href":"http:\/\/dev.pixsoft.cz\/TechWeb\/wp-json\/wp\/v2\/pages"}],"about":[{"href":"http:\/\/dev.pixsoft.cz\/TechWeb\/wp-json\/wp\/v2\/types\/page"}],"author":[{"embeddable":true,"href":"http:\/\/dev.pixsoft.cz\/TechWeb\/wp-json\/wp\/v2\/users\/1"}],"replies":[{"embeddable":true,"href":"http:\/\/dev.pixsoft.cz\/TechWeb\/wp-json\/wp\/v2\/comments?post=50"}],"version-history":[{"count":3,"href":"http:\/\/dev.pixsoft.cz\/TechWeb\/wp-json\/wp\/v2\/pages\/50\/revisions"}],"predecessor-version":[{"id":126,"href":"http:\/\/dev.pixsoft.cz\/TechWeb\/wp-json\/wp\/v2\/pages\/50\/revisions\/126"}],"wp:attachment":[{"href":"http:\/\/dev.pixsoft.cz\/TechWeb\/wp-json\/wp\/v2\/media?parent=50"}],"curies":[{"name":"wp","href":"https:\/\/api.w.org\/{rel}","templated":true}]}}